t is 33010 + 194?
33204
In base 3, what is -2010 - -20202220110100?
20202220101020
In base 12, what is -a6697a + -1b2?
-a66b70
In base 3, what is 111 + 10120100001?
10120100112
In base 16, what is -2 + -2dd11?
-2dd13
In base 14, what is a63c - 192?
a48a
In base 6, what is 4 - -2043325151?
2043325155
In base 10, what is 71559 + 6058?
77617
In base 10, what is 8307256 + 4?
8307260
In base 4, what is -202230022133333 - 3?
-202230022200002
In base 8, what is 7616 - -74335?
104153
In base 10, what is 1 - 12674809?
-12674808
In base 4, what is 30332300323 - 11?
30332300312
In base 15, what is -3bc9ae9d - -5?
-3bc9ae98
In base 10, what is -1792 + -701898?
-703690
In base 7, what is -4 - 60321360?
-60321364
In base 4, what is 101232132311 + -13?
101232132232
In base 3, what is 20 - 212220222221?
-212220222201
In base 15, what is 448 + -4d?
3ea
In base 5, what is 3 - 13431330313?
-13431330310
In base 12, what is 19228 + -3513?
15915
In base 16, what is -5f65f + 27?
-5f638
In base 15, what is -5 - -2ebd69e?
2ebd699
In base 14, what is 4 - 10c17cb5?
-10c17cb1
In base 14, what is -7 + -a0c071?
-a0c078
In base 14, what is -58c99 - 253?
-5910c
In base 11, what is 4a6525 - 541?
4a5a94
In base 3, what is 12 - 20122002111222?
-20122002111210
In base 12, what is -78789b79 + 2?
-78789b77
In base 2, what is -1 - 10010111101000101001001?
-10010111101000101001010
In base 11, what is 5 - 193a8776?
-193a8771
In base 2, what is -1000101011 + -101010011110010?
-101011100011101
In base 2, what is 1010011 - -110111101010111011101?
110111101011000110000
In base 9, what is -16 + 827683?
827666
In base 6, what is -4402512210 - -5?
-4402512201
In base 5, what is 3 - 221322213130?
-221322213122
In base 4, what is 13 + 10033232?
10033311
In base 7, what is 242535302 - 5?
242535264
In base 6, what is 5141041 + 12?
5141053
In base 6, what is 2020432 + 4333?
2025205
In base 7, what is 106443130 - 0?
106443130
In base 14, what is 863a931 + 5?
863a936
In base 12, what is 49576 - -ba?
49674
In base 6, what is 13042251 + -2?
13042245
In base 6, what is 4020 + 13005010?
13013030
In base 12, what is -23 + 106a0b5?
106a092
In base 2, what is 100000101111011 + -11001001110?
11101100101101
In base 13, what is -129 + c7406?
c72aa
In base 5, what is -1 - 1020114212121?
-1020114212122
In base 8, what is 332414 + -465?
331727
In base 5, what is 0 - 113344023?
-113344023
In base 8, what is 1135770 - -62?
1136052
In base 6, what is -10435 + -11351423?
-11402302
In base 3, what is 12011200212210 + 22?
12011200220002
In base 6, what is 1011512533 - -3?
1011512540
In base 8, what is 1602 - -200473?
202275
In base 8, what is -374 - -17357?
16763
In base 5, what is 13 + 10200411?
10200424
In base 16, what is -1163f59 + -2?
-1163f5b
In base 7, what is 345653 - 200?
345453
In base 11, what is 129 - -4841?
496a
In base 5, what is -14140 + 203344?
134204
In base 15, what is 19e22 + -23?
19dee
In base 16, what is -2b - -69ff23?
69fef8
In base 4, what is 322 - -10300012030?
10300013012
In base 10, what is 1334 - -2501?
3835
In base 5, what is -34 + 2341024142?
2341024103
In base 7, what is -2213 - -2062424?
2060211
In base 2, what is 1 - 11010011000101111010001?
-11010011000101111010000
In base 14, what is 236 + -1c9319?
-1c90c3
In base 16, what is 4fb + 171e0?
176db
In base 2, what is -101 + 1100101110111000011111?
1100101110111000011010
In base 8, what is 21605 - -12202?
34007
In base 2, what is -111111111010011 - -1111011000?
-111101111111011
In base 13, what is -306165 + 32?
-306133
In base 3, what is 222 - 1021121002212?
-1021121001220
In base 3, what is 22212012 + 112012011?
212001100
In base 2, what is -1111 + 1001001010111001001111000?
1001001010111001001101001
In base 4, what is 100103 - -1201113?
1301222
In base 16, what is -c2624 + 8?
-c261c
In base 16, what is 16 - -6d194?
6d1aa
In base 12, what is 2642459 + 21?
264247a
In base 14, what is 16a4 + -3491?
-1bcb
In base 16, what is -3 - 2d78ec?
-2d78ef
In base 4, what is -300212022 - -1100?
-300210322
In base 16, what is 3 + 120e61e?
120e621
In base 3, what is 12220220222212 + -1021?
12220220221121
In base 4, what is 311122 - -13201?
330323
In base 15, what is 3 - -130a09?
130a0c
In base 4, what is -10223202112102 + -3?
-10223202112111
In base 6, what is 14215050 - -4342?
14223432
In base 6, what is 5204341 - -5?
5204350
In base 15, what is -3 - 1dda01d?
-1dda021
In base 10, what is -104769 - 1364?
-106133
In base 15, what is -9b31b79a + -3?
-9b31b79d
In base 4, what is -120 + 33100203211?
33100203031
In base 16, what is -3 + -1b39396?
-1b39399
In base 6, what is 1 - 1052310552?
-1052310551
In base 5, what is 24 - -2314343312?
2314343341
In base 16, what is 344 + 1f2b?
226f
In base 15, what is -31eae - -179?
-31d35
In base 2, what is -11110000011001100 + 1001000?
-11110000010000100
In base 7, what is 2301030 + 5?
2301035
In base 12, what is -952667a + 32?
-9526648
In base 15, what is -1a5 + 396d8?
39533
In base 15, what is -1c77d7 - -12?
-1c77c5
In base 7, what is 164 + 621515?
622012
In base 3, what is 12022 - 10221102111?
-10221020012
In base 10, what is -1010979 - 9?
-1010988
In base 7, what is 325515 - -112?
325630
In base 5, what is -32034312 - 3013?
-32042330
In base 15, what is 2b - 44d2a?
-44cee
In base 11, what is 74592 - 295?
742a8
In base 6, what is 1343004 - -145?
1343153
In base 7, what is -103243042 + 64?
-103242645
In base 4, what is -1003202231120213 + 10?
-1003202231120203
In base 14, what is 18983 + -313?
18670
In base 15, what is -300b509 + 2?
-300b507
In base 14, what is -1b - -2a48c11?
2a48bd4
In base 6, what is -121415500 + -12?
-121415512
In base 7, what is 4 + -25141603?
-25141566
In base 11, what is -70 + 3a7332?
3a7272
In base 10, what is -2335641 + -9?
-2335650
In base 10, what is -406 - -17425?
17019
In base 12, what is bb79 + -3116?
8a63
In base 15, what is 4c1 - 212ad?
-20cdc
In base 2, what is 101000001001100 - -10100110?
101000011110010
In base 9, what is 222881 - 1642?
221238
In base 3, what is 100022 + -1122120221222?
-1122120121200
In base 9, what is 7645367 - -6?
7645374
In base 5, what is -10 + -112424423314?
-112424423324
In base 12, what is -735152 + 8?
-735146
In base 13, what is -33 - -4b559?
4b526
In base 10, what is 632368328 + 1?
632368329
In base 13, what is c2 - 1b42?
-1a50
In base 16, what is -260 - -734e3?
73283
In base 15, what is 124 + 177390?
1774b4
In base 9, what is -1787552 + 0?
-1787552
In base 4, what is -2011 - 222102030?
-222110101
In base 8, what is 6222774 - -4?
6223000
In base 5, what is -3 - -330124422131?
330124422123
In base 10, what is 1441015 - -40?
1441055
In base 9, what is -641322 - 1?
-641323
In base 16, what is -333 - -2f86f?
2f53c
In base 11, what is 10395810 + -2?
10395809
In base 4, what is -20 - -21302100313?
21302100233
In base 11, what is -241a - -1191?
-1239
In base 12, what is 11b10898 - -1?
11b10899
In base 12, what is -4 - -3349017?
3349013
In base 12, what is b22b9 + 80?
b2379
In base 14, what is 56 - -a09262?
a092b8
In base 8, what is 0 + 10516747?
10516747
In base 2, what is 1001 + 111010001011100111?
111010001011110000
In base 10, what is 2647 + -251094?
-248447
In base 12, what is 8 - -a80037?
a80043
In base 7, what is 0 + 34505213?
34505213
In base 11, what is -1 - -80a2263?
80a2262
In base 12, what is -5 + 307260?
307257
In base 2, what is -11101 - -10000001000100111011100?
10000001000100110111111
In base 7, what is -44126314 - 12?
-44126326
In base 9, what is -5 - -23503075?
23503070
In base 8, what is 2062671 + -47?
2062622
In base 8, what is 202217375 + -2?
202217373
In base 14, what is -54 + -47a6d?
-47ac3
In base 4, what is -331030200230 + -11?
-331030200301
In base 16, what is -3 - b1882e?
-b18831
In base 13, what is 200010 + 25?
200035
In base 10, what is -15798 - 819?
-16617
In base 16, what is -28 - 1b461?
-1b489
In base 5, what is 4014 - -244311?
303330
In base 16, what is a + 9bf9c2?
9bf9cc
In base 3, what is 11222022220222 + -1122?
11222022212100
In base 2, what is 1011001 - 10101111110010101?
-10101111100111100
In base 11, what is -1a1 + 36a76?
36885
In base 8, what is 26 - 150441?
-150413
In base 14, what is -391 + -2114?
-24a5
In base 9, what is 187816 - 2?
187814
In base 5, what is -441141104013 - 4?
-441141104022
In base 7, what is -12500